isor of 55 and 45?
5
What is the highest common factor of 72 and 48?
24
Calculate the highest common factor of 2303 and 188.
47
What is the highest common factor of 17350 and 50?
50
Calculate the highest common divisor of 4235 and 539.
77
What is the greatest common factor of 6 and 28?
2
Calculate the greatest common divisor of 589 and 248.
31
What is the greatest common divisor of 2850 and 125?
25
What is the highest common divisor of 1105 and 85?
85
Calculate the greatest common divisor of 213 and 255.
3
What is the greatest common factor of 82 and 22?
2
Calculate the greatest common divisor of 3008 and 2444.
188
Calculate the highest common divisor of 8 and 67.
1
Calculate the highest common factor of 4 and 32.
4
Calculate the greatest common divisor of 12 and 1812.
12
Calculate the highest common divisor of 1152 and 9.
9
What is the greatest common divisor of 140 and 630?
70
Calculate the greatest common factor of 243 and 54.
27
What is the highest common divisor of 33 and 231?
33
What is the greatest common factor of 1757 and 251?
251
What is the highest common factor of 71 and 1207?
71
What is the highest common divisor of 3 and 27?
3
What is the highest common divisor of 54 and 4482?
54
Calculate the greatest common divisor of 329 and 35.
7
Calculate the highest common divisor of 8058 and 102.
102
What is the greatest common divisor of 941 and 1?
1
Calculate the greatest common factor of 63194 and 38.
38
What is the greatest common factor of 528 and 48?
48
What is the highest common factor of 160 and 2016?
32
What is the highest common divisor of 10 and 16070?
10
Calculate the highest common divisor of 702 and 54.
54
What is the highest common divisor of 224 and 14?
14
What is the greatest common divisor of 109231 and 19?
19
Calculate the highest common divisor of 497 and 781.
71
What is the highest common factor of 59 and 13393?
59
Calculate the greatest common factor of 595 and 1054.
17
What is the greatest common divisor of 13 and 18356?
13
What is the highest common divisor of 42 and 1134?
42
What is the highest common factor of 4731 and 498?
249
What is the greatest common divisor of 209 and 798?
19
What is the greatest common divisor of 54 and 1647?
27
What is the highest common factor of 3995 and 35?
5
Calculate the greatest common factor of 11816 and 84.
28
Calculate the greatest common factor of 570 and 114.
114
What is the greatest common divisor of 7 and 1253?
7
What is the greatest common factor of 2160 and 640?
80
What is the greatest common factor of 270 and 54?
54
What is the highest common factor of 105 and 245?
35
What is the greatest common divisor of 331 and 13?
1
What is the greatest common divisor of 15512 and 56?
56
Calculate the highest common factor of 592 and 16.
16
What is the highest common factor of 8 and 11096?
8
Calculate the highest common divisor of 100 and 1300.
100
What is the highest common factor of 65 and 110?
5
Calculate the greatest common factor of 140 and 56.
28
What is the highest common divisor of 104 and 1573?
13
What is the highest common factor of 36 and 522?
18
Calculate the greatest common divisor of 2295 and 170.
85
Calculate the highest common divisor of 189 and 7.
7
Calculate the greatest common factor of 8917 and 482.
241
Calculate the greatest common divisor of 984 and 1284.
12
Calculate the highest common factor of 45 and 1242.
9
What is the highest common factor of 5025 and 75?
75
Calculate the highest common factor of 480 and 512.
32
What is the highest common factor of 72 and 8?
8
Calculate the highest common divisor of 3108 and 364.
28
Calculate the greatest common factor of 1442 and 294.
14
Calculate the greatest common divisor of 84 and 36092.
28
Calculate the highest common factor of 308 and 385.
77
Calculate the highest common factor of 72 and 40.
8
What is the greatest common factor of 190 and 285?
95
Calculate the highest common factor of 2744 and 56.
56
Calculate the highest common factor of 16 and 80.
16
What is the highest common divisor of 620 and 410?
10
What is the greatest common divisor of 816 and 12?
12
What is the greatest common factor of 75 and 7575?
75
What is the highest common divisor of 48 and 576?
48
Calculate the greatest common divisor of 264 and 14850.
66
Calculate the highest common factor of 152 and 31540.
76
Calculate the highest common factor of 2048 and 1152.
128
Calculate the greatest common factor of 360 and 990.
90
Calculate the highest common divisor of 387 and 172.
43
Calculate the highest common factor of 44 and 4334.
22
What is the greatest common divisor of 2158 and 26?
26
Calculate the greatest common divisor of 738 and 18.
18
Calculate the highest common factor of 231 and 81.
3
Calculate the highest common factor of 64 and 80.
16
Calculate the highest common factor of 8 and 216.
8
What is the greatest common divisor of 484 and 8?
4
Calculate the highest common factor of 3249 and 171.
171
Calculate the highest common factor of 34 and 187.
17
Calculate the highest common factor of 36 and 614.
2
Calculate the greatest common divisor of 66 and 528.
66
Calculate the highest common factor of 2686 and 34.
34
Calculate the greatest common factor of 39 and 87.
3
Calculate the highest common divisor of 4875 and 741.
39
What is the highest common divisor of 9 and 1152?
9
Calculate the highest common factor of 2542 and 1984.
62
What is the greatest common factor of 1209 and 312?
39
Calculate the highest common factor of 20 and 109.
1
What is the greatest common divisor of 299 and 3107?
13
Calculate the highest common factor of 55 and 165.
55
Calculate the greatest common divisor of 2835 and 42.
21
What is the highest common factor of 164 and 1435?
41
Calculate the highest common factor of 252 and 135.
9
Calculate the highest common factor of 116 and 87.
29
Calculate the greatest common factor of 10 and 6430.
10
Calculate the highest common divisor of 57 and 171.
57
What is the highest common divisor of 165 and 1590?
15
What is the greatest common factor of 110 and 396?
22
What is the highest common divisor of 153 and 34?
17
What is the greatest common factor of 1737 and 18?
9
Calculate the greatest common divisor of 100 and 7340.
20
Calculate the highest common divisor of 315 and 99.
9
What is the greatest common factor of 132 and 33?
33
Calculate the highest common divisor of 95 and 8455.
95
What is the greatest common divisor of 39 and 3471?
39
What is the highest common factor of 16224 and 132?
12
What is the greatest common factor of 1034 and 374?
22
Calculate the highest common divisor of 517 and 11.
11
What is the greatest common divisor of 128 and 2?
2
What is the highest common factor of 144 and 9?
9
What is the highest common factor of 41 and 5248?
41
Calculate the greatest common divisor of 205 and 3608.
41
What is the greatest common factor of 282 and 96?
6
Calculate the greatest common factor of 2176 and 17.
17
Calculate the highest common divisor of 12 and 372.
12
Calculate the greatest common divisor of 33723 and 81.
27
What is the highest common divisor of 28 and 1162?
14
Calculate the greatest common divisor of 142 and 1633.
71
What is the greatest common divisor of 1056 and 672?
96
Calculate the highest common factor of 173 and 10207.
173
What is the greatest common factor of 208 and 7852?
52
What is the greatest common factor of 2869 and 38?
19
What is the highest common divisor of 500 and 20?
20
Calculate the highest common factor of 9 and 1107.
9
What is the highest common factor of 625 and 5?
5
What is the highest common factor of 2134 and 55?
11
What is the highest common divisor of 111 and 296?
37
What is the greatest common divisor of 2 and 206?
2
Calculate the greatest common divisor of 459 and 27.
27
What is the greatest common factor of 167 and 6179?
167
Calculate the highest common divisor of 2502 and 24.
6
Calculate the highest common factor of 58 and 145.
29
Calculate the greatest common divisor of 4994 and 88.
22
Calculate the greatest common divisor of 105 and 2745.
15
What is the greatest common divisor of 536 and 1474?
134
Calculate the greatest common divisor of 602 and 1161.
43
What is the greatest common factor of 25 and 125?
25
What is the highest common factor of 26 and 247?
13
What is the highest common fac